econd derivative of m(b). Calculate s(3).
-4
Let p(f) = -f - 3. Suppose 0 = b + a + 2*a + 18, 0 = 2*b + 3*a + 27. Let d be p(b). Let i(s) = 3*s + 6*s**2 - 5*s - 6 - s**3 + s. Determine i(d).
-12
Suppose 31*h - 153 - 2 = 0. Let w(o) = -o**3 - 7*o**2 - o - 10. Let j be w(-7). Let v be (j + h)*(-2)/(-4)*-3. Let z(f) = f**3 + 2*f**2 - 2*f + 3. What is z(v)?
0
Let h(m) be the second derivative of m**4/12 + 2*m**3 - 9*m**2/2 + 3877*m. Give h(-13).
4
Suppose 12*w = -49*w - 915. Let x(t) = t**2 + 13*t. What is x(w)?
30
Suppose -4*j + 178 = 5*r, -r + 5*j - 180 = -6*r. Suppose -r*b = -35*b + 14. Let o(g) = -g**2 + 14*g + 3. Give o(b).
3
Suppose 3*n = -21*b + 110 - 488, -3*b - 3*n - 54 = 0. Let p(s) = -s**2 - 16*s + 12. Calculate p(b).
-24
Let d(l) = 3*l**3 + l**2 - 6*l - 9. Let r(p) = p**3 - 6*p**2 - 4*p + 22. Let w be r(2). Determine d(w).
-17
Let x be -3 + 1 + 10/2. Let o(n) = 5*n + x + 1 - 2 - 7 - n**2. Let p = -2 - -7. What is o(p)?
-5
Suppose 10*o - 53 + 10 = 27. Let r(p) be the second derivative of 1/2*p**3 + 0 - o*p + 0*p**2. Give r(-2).
-6
Let i(p) = -p - 2. Suppose 9 = -2*n - 3*u + 8*u, 21 = 2*n + 5*u. Suppose -3 = k + n*h, -2*k - 4 - 12 = -4*h. Let b be 21/6 + k*(-3)/12. What is i(b)?
-7
Suppose 3487 - 3523 = -6*x. Let p(s) = -s**3 + 9*s**2 - 14*s - 12. Calculate p(x).
12
Suppose 0 = -1049*r + 1013*r - 38 - 70. Let f(h) = 2*h**2 - 5*h + 5*h + 2*h - 2. What is f(r)?
10
Let f(p) = 2*p**3 - 35*p**2 - 15*p - 64. Let h be 8/(152/133)*72/28. Calculate f(h).
-10
Let w(t) be the first derivative of -2*t - 3 + 1/3*t**3 + 3/2*t**2. Suppose 704*j + 328 = 622*j. What is w(j)?
2
Let v = -5575 + 5563. Let l(w) = 1 + 16 + 2 + w. Determine l(v).
7
Suppose 151 - 142 = 3*h. Let q(l) = 4 + l - 191*l**2 - 13 + 192*l**2 + l**h - 8 + 0*l**3. Suppose -s + 4*s = 0. Calculate q(s).
-17
Let p be (-3)/(2 + (-23)/10). Let k(j) be the first derivative of -j**4/4 + 10*j**3/3 - 2*j + 6136. Determine k(p).
-2
Let z(j) = 31*j + 174. Let p(m) = m**2 + 25*m - 1655. Let d be p(-55). What is z(d)?
19
Suppose 876 - 3859 = -52*n - 105*n. Let i(w) = -6*w + 105. Give i(n).
-9
Let j be (0 + 10/3)*(-9)/(-2). Let z(x) = 11*x + 4 - 3*x - 9*x**2 + j*x**2 - 5*x**2. Let v be (-1)/(-2) - ((-33)/(-6) + 0). Calculate z(v).
-11
Suppose 258*b + 265*b - 486*b = 37. Let w(z) = 68*z**2 - 3*z + 2. Determine w(b).
67
Let q(s) = s + 3. Let i(g) = -6 - 44*g + 27 + 30*g + 23*g. Let k(r) = -2*i(r) + 15*q(r). Calculate k(3).
-6
Let h(p) = -6*p + 6. Let u(d) = -d**2 - 18*d - 83. Let s be u(-8). Determine h(s).
24
Suppose -3*w + h = -15, -5*w + 16 = -4*h - 2. Let o = 7 - w. Let x(k) = -3422*k + 10295*k - 3434*k - 3428*k. What is x(o)?
11
Suppose -b = -2*l + 4, -2*l - 20 = -2*b - 3*b. Suppose 5*h = 5*f + 40, 36 = 4*h - 14*f + 9*f. Let c(g) = -h + 1 + 495*g + 4 - 496*g. Calculate c(b).
-5
Let i = 180 - 421. Let u = i + 248. Let y(b) = -b**3 + 7*b**2 - b - 5. What is y(u)?
-12
Let a = 59 - 54. Let z(j) = -9. Let b(d) = d + 1. Let h = 54 - 53. Let t(y) = h*z(y) + 2*b(y). Determine t(a).
3
Suppose -516 = -52*x + 9*x. Let c be (0/x)/(6 - 4). Let a(f) = f**2 - f - 7. Determine a(c).
-7
Let q(w) = w**2 + 8*w - 4. Let n be q(-8). Let i(d) be the first derivative of 3*d**2 + 197 - 2*d + 2*d**2 + 14 - 4*d**2 + d. Determine i(n).
-9
Let f be (5 - (-58)/(-12))*(0 + 18). Let p(s) = -7*s + 27. What is p(f)?
6
Let u = -15453 + 15476. Let w(l) = -l**3 + 25*l**2 - 51*l + 117. Give w(u).
2
Let l(d) = -16*d**3 + 84*d**2 + 87*d - 6. Let b(t) = 3*t**3 - 17*t**2 - 18*t + 1. Let x(i) = 11*b(i) + 2*l(i). Calculate x(20).
-81
Let r(h) be the second derivative of h**3/3 - h**2/2 - 17*h + 4. Suppose -3*t + 17 = -2*g, 0*t - 2*g + 1 = 3*t. Calculate r(t).
5
Let a(t) be the first derivative of -t**4/4 + 5*t**3 + 9*t**2/2 + 11*t - 1543. What is a(16)?
-101
Let b(u) = 4*u**2 - 7*u - 8. Let o be b(-1). Let m(n) = -12*n**2 + 4 - 18*n**2 + 31*n**2. Determine m(o).
13
Let n(i) = -i**2 - 8*i - 6. Let q be n(-7). Let g be 1 - ((-4)/8 - (-1)/2). Let j(p) = 10*p**2 - 4*p**2 + 194*p - 194*p - g. Calculate j(q).
5
Let o = 0 + -3. Let g(l) be the first derivative of l**7/420 + l**6/90 + l**4/6 - 31*l**3 + 115. Let c(d) be the third derivative of g(d). Calculate c(o).
-14
Let a(r) = -15*r + 14. Let l(d) be the first derivative of 17*d**2 - 30*d + 30. Let c(v) = 9*a(v) + 4*l(v). Let m be 32/12*(-9)/4. What is c(m)?
0
Suppose 6*h - 16 = 2*h - g, -4*h - 5*g + 32 = 0. Suppose -z = v + 12 - 2, h*z - 3 = 0. Let y(x) = 3*x + 24. Give y(v).
-9
Let i(z) = 5*z - 32. Let a be i(7). Let y(v) = -a*v - 13116 - 9*v + v**2 + 13101. Determine y(14).
13
Let u(j) = -25*j**2 + 4*j - 2. Let x(a) = -119*a**2 + 60*a + 12. Let r(k) = 5*u(k) - x(k). Give r(-6).
2
Let l(o) = o**2 + 45*o + 356. Suppose 0 = -5*d + 61*v - 57*v - 159, 4*d + 128 = 3*v. What is l(d)?
6
Let a(v) = 36 - 34*v**2 - v**3 - 2543*v + 1262*v + 1218*v. Calculate a(-32).
4
Suppose -9*l + 39 = 61 + 32. Let z(i) = -i**2 - 10*i - 8. What is z(l)?
16
Let x(n) = -10*n + 4. Let o be 88/55*5/2. Suppose 5*q + 0*q + o*u = -7, -q - 5 = 2*u. Determine x(q).
-6
Let w(o) be the first derivative of -o**3/3 + 13*o**2 - 150*o - 13556. Give w(17).
3
Let v(p) = -3*p - 15. Let k(r) = -5*r**3 + 11*r - 6. Let u be k(0). Give v(u).
3
Let m(x) = -3345 - 3336 + 3*x**2 - 4*x + 6669 - 6*x. Give m(8).
100
Let v be -2*9/(0 + 3). Let h(t) be the first derivative of t**2 + 9*t + 1881. Calculate h(v).
-3
Let k(w) = w + 2. Let b(u) = 0*u**2 + 23*u + 41 + 2*u**2 - u**2 - 8*u. Let z be b(-5). Give k(z).
-7
Let d(l) = 35*l**2 + 40*l**2 - l**3 + 8 - 79*l**2. Give d(-4).
8
Let d(g) be the second derivative of 0 - 25/2*g**2 - 1/12*g**4 + 5*g + 8/3*g**3. Let c be d(14). Let r(v) = v. Give r(c).
3
Let k(l) = -115*l + 0*l**3 + 153*l - 52*l - 2 + 2*l**2 + l**3. Calculate k(-6).
-62
Let a(k) = -1 + 0 - 3 - 7*k + 6. Let f be -16*7/(-49) - 4/14. Give a(f).
-12
Let c(r) be the third derivative of r**5/30 - r**4/24 - 65*r**3/2 - 17*r**2 - 3*r. Let k(b) be the first derivative of c(b). Calculate k(-6).
-25
Let f(n) be the third derivative of -n**5/60 + 7*n**4/12 - 16*n**3/3 + 1550*n**2. Determine f(3).
1
Let t(b) be the second derivative of b**5/10 - b**4/12 + b**2 + 16*b - 4. Determine t(0).
2
Let u(v) = 2*v**3 + 4*v**2 + 2*v - 1. Suppose -c = 3*j - 16, 3*c - 3 + 0 = 0. Let q = j - 4. Let b(l) = -l**2 - 1. Let t be b(q). Calculate u(t).
-5
Suppose -2*r = 4*z + 142, 2*r = -z - 2*z - 108. Let k(c) = c**3 + 33*c**2 - 31*c + 108. Let p be k(z). Let v(u) = u**3 - 6*u**2 - 2*u + 12. Calculate v(p).
0
Let c(m) be the first derivative of 0*m**2 - 1/3*m**3 + 5*m + 90. Determine c(0).
5
Let k(n) = -3*n**2 + 3*n + 3. Let c be (-630)/28*4/(-6). Let m = c - 12. Calculate k(m).
-15
Let y be (-10)/(-2*1) + 0. Let s(q) = -6*q - 800 + 797 + q**2 - 2*q + 0*q + 2*q. Give s(y).
-8
Let u(m) = m**3 - 3*m**2 - 7*m - 13. Let o(n) = -18*n + 131. Let q be o(7). Give u(q).
2
Let i be -83 + 18/24 + (-9)/(-4). Let y = i + 72. Let j(q) = -q - 13. Determine j(y).
-5
Let j(o) = -o**3 - 17*o**2 - 15*o + 5. Let c(m) = -147*m + 278. Let i be c(2). What is j(i)?
-11
Let u(c) = -c + 11. Suppose 65 = 2*k - 27. Suppose 0 = 26*r - 228 + k. Determine u(r).
4
Suppose 2*b - 38 - 17 = 3*v, -2*v - 10 = 0. Suppose 0 = 4*c + b, 3*c + 10 = -2*h - 3. Let p(m) = -3*m + h + 4*m + 4. Determine p(-6).
-1
Let a = -38 - -37. Let x(u) = u + 1. Let z(n) = n**2 - 5*n - 7. Let l(k) = a*z(k) - 6*x(k). Suppose s + 18 = 4*q, -3*q + 10 = s - 0*s. Calculate l(s).
-1
Let p(d) = d**2 - 23*d - 24*d - 28*d - 4 + 162*d + 5. What is p(0)?
1
Let g(z) = 9*z**2 + 77*z - 40. Let s(f) = -5*f**2 - 122*f - 417. Let t be s(-4). Determine g(t).
-4
Let a(z) be the second derivative of z**4/12 + z**3/6 - 233*z**2/2 + 253*z - 1. Let l be a(15). Let m(w) = -w + 4. Determine m(l).
-3
Let p = -28 + 28. Suppose -4*s = 3*y - 8*s - 57, p = y + s - 19. Let l = y - 19. Let z(t) = t**3 - t**2 + t + 3. Give z(l).
3
Suppose 3*a - 7*a + t = -61, 2*t = a - 24. Let r(s) = -s**3 + 14*s**2 - 21. What is r(a)?
-21
Let w(o) = -19*o + 56. Let v = 23944 - 23941. What is w(v)?
-1
Let n(c) = -2*c**3 + 0*c**2 - c**2 + 5*c**2 - 3*c + 1. Let h be (-8)/3*(3/(-8))/((-37)/(-74)). Give n(h).
-5
Let y be -7 + -3 + 8 + 7. Let q(i) = 9*i - 42. Give q(y).
3
Let p(o) = -4*o**3 + 28*o**2 + 2. Suppose 0 = 6*d + 43 - 85. Let q be p(d). Let z(w) = 18*w + 2. Calculate 